{"id":2359,"date":"2015-11-11T13:23:42","date_gmt":"2015-11-11T12:23:42","guid":{"rendered":"http:\/\/webserver\/wordpress_aquaponica\/?page_id=2359"},"modified":"2015-11-11T13:43:44","modified_gmt":"2015-11-11T12:43:44","slug":"aquaponik","status":"publish","type":"page","link":"http:\/\/www.projekt-aquaponica.at\/?page_id=2359","title":{"rendered":"Aquaponik?"},"content":{"rendered":"<p>Ich wurde heute darauf hingewiesen, dass ich hier ja gar keine Erkl\u00e4rung, Beschreibung der Aquaponik niedergeschrieben habe. Das ist mir nicht aufgefallen. Doch jetzt hole ich es nach. Ist eine gute Idee.<\/p>\n<p>Unter Aquaponik versteht man gemeinsamen Anbau von Pflanzen und Zucht\/Haltung von Fischen\/Krebsen\/Garnelen im geschlossenem S\u00fc\u00dfwasser-Kreislaufsystem. Die Tiere werden artspezifisch gef\u00fcttert und produzieren Extremente. Diese werden von Bakterien umgewandelt, so dass sie f\u00fcr Pflanzen verf\u00fcgbar sind. Die Bakterien spielen im gesamten System die wichtigste Rolle.<\/p>\n<p>In dieser Anbau\/Zuchtform kommen keine Antibiotika zum Einsatz, sie w\u00fcrden die Bakterien Flora zerst\u00f6ren. Die Steuerung der Wasserwerte (z.B. pH, Eisen) ist empfehlenswert. Doch auch die Zugaben halten sich in Grenzen und haben einen positiven Effekt auf alle Systembewohner.<\/p>\n<p>Die Herausforderungen sind verschieden. Die wichtigste f\u00fcr mich, ist die fachliche Breite. Man muss sich Kenntnisse auch Fischzucht, Gem\u00fcseanbau, Wasserchemie, Physik, u.s. aneignen. Technische, konstruktive Begabung ist auch vorteilhaft.<\/p>\n<p>Was ist das Besondere? Diese Systeme k\u00f6nnen \u00fcberall gebaut werden. Sie sind wichtig f\u00fcr Urban Farming, da sie auch verlassene Geb\u00e4ude nutzen k\u00f6nnen. Nat\u00fcrlich wenn es die Statik erlaubt. Jedes System ist anders, Kreativit\u00e4t ist gefragt.<\/p>\n<p>&nbsp;<\/p>\n<p>Vor etwa 3 Jahre hat meine Reise und Faszination angefangen, mit einer <a href=\"http:\/\/webserver\/wordpress_aquaponica\/wp-content\/uploads\/2015\/11\/Seminararbeit-Ankerl-Zaczek-Renata.pdf\">Seminararbeit<\/a>. Diese halten an, und haben sich sogar zu einem individual Studium entwickelt.<\/p>\n","protected":false},"excerpt":{"rendered":"<p>Ich wurde heute darauf hingewiesen, dass ich hier ja gar keine Erkl\u00e4rung, Beschreibung der Aquaponik niedergeschrieben habe. Das ist mir nicht aufgefallen. Doch jetzt hole ich es nach. Ist eine gute Idee. Unter Aquaponik versteht man gemeinsamen Anbau von Pflanzen und Zucht\/Haltung von Fischen\/Krebsen\/Garnelen im geschlossenem S\u00fc\u00dfwasser-Kreislaufsystem. Die Tiere werden artspezifisch gef\u00fcttert und produzieren Extremente. [&hellip;]<\/p>\n","protected":false},"author":2,"featured_media":0,"parent":0,"menu_order":0,"comment_status":"closed","ping_status":"closed","template":"","meta":{"spay_email":""},"jetpack_sharing_enabled":true,"jetpack_shortlink":"https:\/\/wp.me\/P4cuX7-C3","_links":{"self":[{"href":"http:\/\/www.projekt-aquaponica.at\/index.php?rest_route=\/wp\/v2\/pages\/2359"}],"collection":[{"href":"http:\/\/www.projekt-aquaponica.at\/index.php?rest_route=\/wp\/v2\/pages"}],"about":[{"href":"http:\/\/www.projekt-aquaponica.at\/index.php?rest_route=\/wp\/v2\/types\/page"}],"author":[{"embeddable":true,"href":"http:\/\/www.projekt-aquaponica.at\/index.php?rest_route=\/wp\/v2\/users\/2"}],"replies":[{"embeddable":true,"href":"http:\/\/www.projekt-aquaponica.at\/index.php?rest_route=%2Fwp%2Fv2%2Fcomments&post=2359"}],"version-history":[{"count":1,"href":"http:\/\/www.projekt-aquaponica.at\/index.php?rest_route=\/wp\/v2\/pages\/2359\/revisions"}],"predecessor-version":[{"id":2361,"href":"http:\/\/www.projekt-aquaponica.at\/index.php?rest_route=\/wp\/v2\/pages\/2359\/revisions\/2361"}],"wp:attachment":[{"href":"http:\/\/www.projekt-aquaponica.at\/index.php?rest_route=%2Fwp%2Fv2%2Fmedia&parent=2359"}],"curies":[{"name":"wp","href":"https:\/\/api.w.org\/{rel}","templated":true}]}}