{"id":1968,"date":"2014-10-28T20:11:35","date_gmt":"2014-10-28T19:11:35","guid":{"rendered":"http:\/\/webserver\/wordpress_aquaponica\/?page_id=1968"},"modified":"2015-06-17T10:43:08","modified_gmt":"2015-06-17T08:43:08","slug":"pflanzenbau","status":"publish","type":"page","link":"http:\/\/www.projekt-aquaponica.at\/?page_id=1968","title":{"rendered":"Pflanzenbau"},"content":{"rendered":"<p>Zum Pflanzenbau gibt es zwei\u00a0VOs und eine UE.<\/p>\n<p>Die Beschreibung der VO Pflanzenbau<\/p>\n<blockquote><p>&#8211; Definition &#8222;Pflanzenbau&#8220; und Einordnung in die \u00d6kologie agrarisch genutzter Landschaften<br \/>\n&#8211; Geschichte des Pflanzenbaus und der Pflanzenbauwissenschaften<br \/>\n&#8211; Keimung und Bestandeserstellung<br \/>\n&#8211; Wirkungen der Produktionsfaktoren Strahlung, CO2, Wasser auf die Trockensubstanzproduktion<br \/>\n&#8211; Pflanzenmorphologie, Entwicklung und Ertragsbildung<br \/>\n&#8211; Intraspezifische und interspezifische Konkurrenz<br \/>\n&#8211; Einflussm\u00f6glichkeiten durch pflanzenbauliche Ma\u00dfnahmen auf die Trockensubstanzproduktion<br \/>\n&#8211; Umweltwirkungen der Pflanzenproduktion<br \/>\n&#8211; Pflanzenproduktion im landwirtschaftlichen Betrieb: Futterproduktion, organische D\u00fcngung, Fruchtfolgen<br \/>\n&#8211; Vergleich unterschiedlicher Landbausysteme. (<a href=\"https:\/\/online.boku.ac.at\/BOKUonline\/lv.detail?clvnr=271400&amp;sprache=1\" target=\"_blank\">https:\/\/online.boku.ac.at\/BOKUonline\/lv.detail?clvnr=271400&amp;sprache=1<\/a>, am 28.10.2014)<\/p><\/blockquote>\n<p>Die Beschreibung der\u00a0UE Pflanzenbau:<\/p>\n<blockquote><p>Block 1<br \/>\nTeil 1: Vortrag+\u00dcbung: Bau des Samens und Reinheitspr\u00fcfung<br \/>\nTeil 2: Vortrag+\u00dcbung: Keimung und Keimf\u00e4higkeitspr\u00fcfung<br \/>\nTeil 3: Spezialthema: Energiepflanzen<br \/>\nBlock 2<br \/>\nTeil 4: Vortrag und \u00dcbung: Entwicklungsverlauf von Kulturpflanzen, BBCH-Stadien,<br \/>\nTeil 5: Votrag und \u00dcbung: Wurzelsysteme und ihre Funktionen, Wurzelmorphologie und Anatomie<br \/>\nTeil 6: Spezialthema: Fruchtfolge<br \/>\nBlock 3<br \/>\nTeil 7: Vortrag und \u00dcbung: N-D\u00fcngung<br \/>\nTeil 8: Vortrag und \u00dcbung: Grundd\u00fcngung (P, K), pH, Phosphorbestimmung<br \/>\nTeil 9: Vortrag und \u00dcbung: Wasserhaushalt &#8211; Wassergehalt und Bew\u00e4sserung<br \/>\nExkursion<br \/>\nTeil 10: Exkursion: Agentur f\u00fcr Gesundheit und Ern\u00e4hungssicherheit (AGES) &#8211; Termin wird gesondert bekannt gegeben. (<a href=\"https:\/\/online.boku.ac.at\/BOKUonline\/lv.detail?clvnr=271401&amp;sprache=1\" target=\"_blank\">https:\/\/online.boku.ac.at\/BOKUonline\/lv.detail?clvnr=271401&amp;sprache=1<\/a>, am 28.10.2014)<\/p><\/blockquote>\n<p><span class=\"bold\">Gem\u00fcse- und Zierpflanzenbau<\/span><\/p>\n<blockquote><p>Einf\u00fchrung in die Produktion von Gem\u00fcsen und Zierpflanzen. Darstellen wichtiger Produktionsmittel und pflanzenphysiologischen Grundlagen. Einf\u00fchrung in wichtige Kulturtechniken in den Produktionssparten. Einf\u00fchrung in die nationalen und internationalen Strukturen des Gartenbaus (Gem\u00fcse und Zierpflanzen). Einf\u00fchrung in die Produktionsmittel und Grundlagen der Produktionstechnologie. Kennzeichnung und Darstellung von Hobby- und Erwerbsanbau (Extensiv- und Intensivproduktion). Verwendung und Verwertung der Produkte. (https:\/\/online.boku.ac.at\/BOKUonline\/lv.detail?clvnr=270955&amp;sprache=1, 11.5.2015)<\/p><\/blockquote>\n<p><span class=\"bold\">Gartenbauliche Produktion &#8211; \u00dcbungen<\/span><\/p>\n<blockquote><p>Grundlegende berufspraktische spezifische Kenntnisse und Fertigkeiten des gartenbaulichen Anbaues (Vermehrung, Pikieren, Auspflanzen, Beetpflege, Gem\u00fcsebaus), des Saatgutwesens, der Keim-, Jung- und erntereifen Pflanzen. Verwendungsm\u00f6glichkeiten; Qualit\u00e4t und Qualit\u00e4tsklassifizierung (Gem\u00fcse, Kr\u00e4uter, Zierpflanzen).<br \/>\nWeiters: Arbeitssicherheit, ArbeitnehmerInnenschutz, Pflanzenschutz, Beetanlage und Bodenbearbeitung, Grundlagen der Arbeitstechniken Maschinen und Ger\u00e4teeinsatz. (https:\/\/online.boku.ac.at\/BOKUonline\/lv.detail?clvnr=270966&amp;sprache=1, 11.5.2015)<\/p><\/blockquote>\n<p>Macht Spa\u00df!<\/p>\n<p>Ein Teil war eine Vorlesung, ein Teil <a title=\"Pflanzenbau \u00dcbung\" href=\"http:\/\/webserver\/wordpress_aquaponica\/?p=1976\">\u00dcbung<\/a> und eine praktische Hausaufgabe. Wir sollten eine <a title=\"Keimprobe Tag 1\" href=\"http:\/\/webserver\/wordpress_aquaponica\/?p=1974\" target=\"_blank\">Keimprobe<\/a> bestimmter Samen machen. Jeder hat zwei Pflanzenarten bekommen. Es war schon sehr interessant, was sich da alles getan hatte&#8230; Auch die anderen beiden Blocks waren sehr interessant.<\/p>\n<p><span class=\"bold\">Gem\u00fcse- und Zierpflanzenbau<\/span> und <span class=\"bold\">Gartenbauliche Produktion sind seht gute Erg\u00e4nzung zu den ersten beiden Lehrveranstaltungen. Hier dreht sich alles um den Gartenbau, Pflanzen werden pikiert, Studenten sollen eigenes Gem\u00fcse ziehen und auch ernten. Sehr gelungene Vorlesung und \u00dcbung.<\/span><\/p>\n<p>&nbsp;<\/p>\n","protected":false},"excerpt":{"rendered":"<p>Zum Pflanzenbau gibt es zwei\u00a0VOs und eine UE. Die Beschreibung der VO Pflanzenbau &#8211; Definition &#8222;Pflanzenbau&#8220; und Einordnung in die \u00d6kologie agrarisch genutzter Landschaften &#8211; Geschichte des Pflanzenbaus und der Pflanzenbauwissenschaften &#8211; Keimung und Bestandeserstellung &#8211; Wirkungen der Produktionsfaktoren Strahlung, CO2, Wasser auf die Trockensubstanzproduktion &#8211; Pflanzenmorphologie, Entwicklung und Ertragsbildung &#8211; Intraspezifische und interspezifische Konkurrenz [&hellip;]<\/p>\n","protected":false},"author":2,"featured_media":0,"parent":1752,"menu_order":0,"comment_status":"open","ping_status":"open","template":"","meta":{"spay_email":""},"jetpack_sharing_enabled":true,"jetpack_shortlink":"https:\/\/wp.me\/P4cuX7-vK","_links":{"self":[{"href":"http:\/\/www.projekt-aquaponica.at\/index.php?rest_route=\/wp\/v2\/pages\/1968"}],"collection":[{"href":"http:\/\/www.projekt-aquaponica.at\/index.php?rest_route=\/wp\/v2\/pages"}],"about":[{"href":"http:\/\/www.projekt-aquaponica.at\/index.php?rest_route=\/wp\/v2\/types\/page"}],"author":[{"embeddable":true,"href":"http:\/\/www.projekt-aquaponica.at\/index.php?rest_route=\/wp\/v2\/users\/2"}],"replies":[{"embeddable":true,"href":"http:\/\/www.projekt-aquaponica.at\/index.php?rest_route=%2Fwp%2Fv2%2Fcomments&post=1968"}],"version-history":[{"count":9,"href":"http:\/\/www.projekt-aquaponica.at\/index.php?rest_route=\/wp\/v2\/pages\/1968\/revisions"}],"predecessor-version":[{"id":2231,"href":"http:\/\/www.projekt-aquaponica.at\/index.php?rest_route=\/wp\/v2\/pages\/1968\/revisions\/2231"}],"up":[{"embeddable":true,"href":"http:\/\/www.projekt-aquaponica.at\/index.php?rest_route=\/wp\/v2\/pages\/1752"}],"wp:attachment":[{"href":"http:\/\/www.projekt-aquaponica.at\/index.php?rest_route=%2Fwp%2Fv2%2Fmedia&parent=1968"}],"curies":[{"name":"wp","href":"https:\/\/api.w.org\/{rel}","templated":true}]}}